{"id":7,"date":"2015-07-21T11:35:23","date_gmt":"2015-07-21T09:35:23","guid":{"rendered":"http:\/\/www.dr-franz-ploder.at\/?page_id=7"},"modified":"2024-04-03T16:36:13","modified_gmt":"2024-04-03T14:36:13","slug":"impressum","status":"publish","type":"page","link":"https:\/\/www.dr-franz-ploder.at\/index.php\/impressum\/","title":{"rendered":"Impressum"},"content":{"rendered":"<p>Information gem\u00e4\u00df \u00a7 5 E-Commerce-Gesetz und Offenlegung gem\u00e4\u00df \u00a7 25 Mediengesetz:<\/p>\n<p>Dienstanbieter und Medieninhaber:<br \/>\n<strong>Dr. Franz Ploder<\/strong><br \/>\nStein an der Enns 159<br \/>\n8961\u00a0S\u00f6lk<br \/>\n\u00d6sterreich<\/p>\n<p>Telefon 03685 24320<br \/>\nFax 03685 24321<br \/>\nHomepage <a href=\"http:\/\/www.dr-franz-ploder.at\" target=\"_blank\" rel=\"noopener\">www.dr-franz-ploder.at<\/a><\/p>\n<p><a href=\"https:\/\/www.aekstmk.or.at\" target=\"_blank\" rel=\"noopener\"><img loading=\"lazy\" class=\"alignnone wp-image-111\" src=\"http:\/\/www.dr-franz-ploder.at\/wp-content\/uploads\/2015\/07\/aerztekammer-stmk-e1465396716836.jpg\" alt=\"Logo \u00c4rztekammer Steiermark\" width=\"291\" height=\"77\" srcset=\"https:\/\/www.dr-franz-ploder.at\/wp-content\/uploads\/2015\/07\/aerztekammer-stmk-e1465396716836.jpg 594w, https:\/\/www.dr-franz-ploder.at\/wp-content\/uploads\/2015\/07\/aerztekammer-stmk-e1465396716836-300x79.jpg 300w\" sizes=\"(max-width: 291px) 100vw, 291px\" \/><\/a><br \/>\nMitglied der \u00c4rztekammer f\u00fcr\u00a0Steiermark<br \/>\nBerufsbezeichnung: Arzt f\u00fcr Allgemeinmedizin\u00a0(verliehen in \u00d6sterreich)<br \/>\nT\u00e4tigkeit unterliegt dem \u00c4rztegesetz 1998 (siehe <a href=\"http:\/\/www.ris.bka.gv.at\/bundesrecht\" target=\"_blank\" rel=\"noopener\">www.ris.bka.gv.at\/bundesrecht<\/a>)<\/p>\n<p><strong>Haftungshinweis:<\/strong> Trotz sorgf\u00e4ltiger inhaltlicher Kontrolle \u00fcbernehmen wir keine Haftung f\u00fcr die Inhalte externer Links. F\u00fcr den Inhalt der verlinkten Seiten sind ausschlie\u00dflich deren Betreiber verantwortlich.<\/p>\n<h3>Website Erstellung<\/h3>\n<p>Kutschera Datentechnik GmbH<br \/>\nFischeraustra\u00dfe 13\/5<br \/>\n8051 Graz-G\u00f6sting<br \/>\n\u00d6sterreich<\/p>\n<p><strong>Powered by \u00c4rztesoftware ganyMED<br \/>\nf\u00fcr Allgemeinmediziner<\/strong> <a href=\"https:\/\/www.ganymed.at\/anwendungsbereiche\/allgemeinmedizin\/\">www.ganymed.at<\/a><\/p>\n<p>\u00a9 2024<\/p>\n","protected":false},"excerpt":{"rendered":"<p>Information gem\u00e4\u00df \u00a7 5 E-Commerce-Gesetz und Offenlegung gem\u00e4\u00df \u00a7 25 Mediengesetz: Dienstanbieter und Medieninhaber: Dr. Franz Ploder Stein an der Enns 159 8961\u00a0S\u00f6lk \u00d6sterreich Telefon 03685 24320 Fax 03685 24321 Homepage www.dr-franz-ploder.at Mitglied der \u00c4rztekammer f\u00fcr\u00a0Steiermark Berufsbezeichnung: Arzt f\u00fcr Allgemeinmedizin\u00a0(verliehen in \u00d6sterreich) T\u00e4tigkeit unterliegt dem \u00c4rztegesetz 1998 (siehe www.ris.bka.gv.at\/bundesrecht) Haftungshinweis: Trotz sorgf\u00e4ltiger inhaltlicher Kontrolle \u00fcbernehmen [&hellip;]<\/p>\n","protected":false},"author":1,"featured_media":0,"parent":0,"menu_order":0,"comment_status":"closed","ping_status":"open","template":"","meta":[],"_links":{"self":[{"href":"https:\/\/www.dr-franz-ploder.at\/index.php\/wp-json\/wp\/v2\/pages\/7"}],"collection":[{"href":"https:\/\/www.dr-franz-ploder.at\/index.php\/wp-json\/wp\/v2\/pages"}],"about":[{"href":"https:\/\/www.dr-franz-ploder.at\/index.php\/wp-json\/wp\/v2\/types\/page"}],"author":[{"embeddable":true,"href":"https:\/\/www.dr-franz-ploder.at\/index.php\/wp-json\/wp\/v2\/users\/1"}],"replies":[{"embeddable":true,"href":"https:\/\/www.dr-franz-ploder.at\/index.php\/wp-json\/wp\/v2\/comments?post=7"}],"version-history":[{"count":6,"href":"https:\/\/www.dr-franz-ploder.at\/index.php\/wp-json\/wp\/v2\/pages\/7\/revisions"}],"predecessor-version":[{"id":239,"href":"https:\/\/www.dr-franz-ploder.at\/index.php\/wp-json\/wp\/v2\/pages\/7\/revisions\/239"}],"wp:attachment":[{"href":"https:\/\/www.dr-franz-ploder.at\/index.php\/wp-json\/wp\/v2\/media?parent=7"}],"curies":[{"name":"wp","href":"https:\/\/api.w.org\/{rel}","templated":true}]}}